= -8, j = 3*p + 9. Let d(x) = 6*x - 2*x + x**2 - j - x. Determine d(v).
1
Let p(i) = 4*i**2 + 9*i. Let u(n) = -3*n**2 - 8*n. Let y(q) = -4*p(q) - 5*u(q). What is y(2)?
4
Let d(q) = 11*q**2 + 3*q - 2. Let n = -7 + 9. Let j(t) = 44*t**2 + 13*t - 9. Let u(k) = n*j(k) - 9*d(k). Suppose -5*w = 9 - 4. Calculate u(w).
-10
Let s(g) be the first derivative of -3/2*g**2 - 5 + 2*g. Suppose 0 = 3*r - 6 - 0. Calculate s(r).
-4
Let y(v) = -v - 5. Suppose 4 = -a + 4*r, 3*a + 3*r = -0*r + 18. Determine y(a).
-9
Let k(s) = -8*s**2 - s - 1. Suppose 0 = -3*z - z - 4. Calculate k(z).
-8
Let k(z) = z**2 + 5*z + 2. Let m(y) = y**2 - 4*y - 5. Let f be m(4). Let t be k(f). Let a(s) = 4*s. Let b(x) = -2*x. Let p(i) = 4*a(i) + 10*b(i). What is p(t)?
-8
Let d(a) = a + a**2 - 6*a**2 + 0*a**2. Let b = 3 + -4. Let g be (b + 2)/(-2 + 3). What is d(g)?
-4
Let l(m) = 2*m**3 + 4*m**2 + 2*m - 1. Suppose 0 = -3*a + 6 - 0. Let q = -4 + a. Calculate l(q).
-5
Let b be 2/2 - (0 + -1). Suppose 35 = 2*l + 5*q, -l = -3*q + b*q. Let w(f) = -4*f**2 + 7*f + 1 + l*f**2 + 3. Give w(-5).
-6
Let n(h) = -5*h - 3. Let j be (-5)/1 - -2 - 1. Give n(j).
17
Let n = -13 + 1. Let x = -7 - n. Let c(v) = -6 - 4*v**2 - 2*v**2 - 5*v + x*v**2 + 2*v**2. What is c(5)?
-6
Suppose 0 = 4*i - 37 + 5. Suppose -7 = 3*l + i, 3*k = -l + 13. Let p = k - 6. Let x(m) = m**2 + 9. What is x(p)?
9
Let y be (-2 - -1 - -6)/(-1). Let l(o) = o**2 + 7*o + 3. Calculate l(y).
-7
Let g(j) be the first derivative of j**4/4 + 8*j**3/3 - 11*j**2/2 - 11*j - 3. Give g(-9).
7
Suppose -3*z + 8*z - 10 = 0. Let j = z + -2. Let g(v) = -v**3 + v**2 + v - 1. Give g(j).
-1
Let i be 1*(1 + -1 + (4 - 3)). Let y(a) = 5 + 7*a**3 + a**2 - 2 - 4. Give y(i).
7
Let l(s) = 2 - 1 - 4*s + 1 + 7*s. Let d(j) = 2*j + 2. Let z(x) = 4*x + 4. Let r(f) = 7*d(f) - 3*z(f). Let q(v) = 3*l(v) - 4*r(v). Give q(2).
0
Let v(y) be the first derivative of -y**4/4 - 5*y**3/3 + y**2 - 3*y - 20. Determine v(-6).
21
Let a(x) = x + 13. Let i be a(-16). Let n(y) = -2*y + 4. What is n(i)?
10
Suppose -2*x + 2 + 6 = 0. Suppose x - 14 = -2*d. Let s(l) be the third derivative of l**6/120 - l**5/12 + 2*l**3/3 + 3*l**2. Determine s(d).
4
Let s(h) = -3*h - 20. Let w(j) = j + 7. Let n(v) = -6*s(v) - 17*w(v). Determine n(-5).
-4
Let k(w) be the second derivative of -w**4/6 + w**3/2 + 2*w**2 - 6*w. Give k(4).
-16
Let w(g) be the first derivative of -g**6/120 + g**5/12 - g**4/8 - 2*g**3/3 - 3*g**2/2 + 2. Let o(h) be the second derivative of w(h). Give o(3).
5
Let b(w) = w**2 + w + 1. Suppose 0 = j - 2*h + 10, -4*j - 4*h + 2*h = -10. Suppose 3*g - 8 + 2 = j. What is b(g)?
7
Let n be 0/(-2 + 0 - -1). Suppose n*l + 4 = -l. Let d(b) = 2*b + 0*b + 2 + 2 + 1. What is d(l)?
-3
Let j(a) be the third derivative of a**6/24 + a**5/60 - 27*a**2. Calculate j(-1).
-4
Let a(d) be the first derivative of 3*d**2 - d + 4. Determine a(-2).
-13
Let j(g) = 7*g**2 + 0*g**2 - 3 - g**3 + 5*g**2 - 4*g**2. Determine j(8).
-3
Let y(b) = 15*b + 21. Let z(v) = -v - 1. Let n(r) = y(r) + 18*z(r). Give n(3).
-6
Let f(r) = 2*r - 19. Let q be f(8). Let a be (-2 + 3)*0/3. Let s(m) = a*m + 2 + 2*m - 1. Calculate s(q).
-5
Let y(r) = r**3 + 4*r**3 - 6*r**3 - 2*r**2 + r + r**2. Determine y(1).
-1
Let o(v) be the third derivative of -1/120*v**5 + 1/6*v**3 + 0 - 1/24*v**4 - v**2 + 1/60*v**6 + 0*v. Let s(q) be the first derivative of o(q). Determine s(-1).
6
Let x(d) be the third derivative of d**6/120 - d**5/10 + d**4/3 - 5*d**3/6 + d**2. Suppose 5*m + 1 = 26. Give x(m).
10
Let q be 8/(-44) + (-6)/(-33). Let l(h) be the third derivative of 0*h - 2*h**2 + q*h**4 + 2/3*h**3 - 1/12*h**5 - 1/120*h**6 + 0. Give l(-5).
4
Let o be -1 - (18/3)/3. Let p(x) = -x + 3. Give p(o).
6
Let z(b) = -19*b**2 - 3*b. Let n(u) = u**2 + u. Let l(q) = 4*n(q) + z(q). Determine l(-1).
-16
Let x(q) = 56 - 2*q + q**3 + 61 - 114 - 2*q**2. Let s = -6 - -12. Suppose 0 = -2*m + s, 2*m - 11 - 10 = -5*l. Give x(l).
6
Let i(k) = -k**2 - 4*k + 1. Let y(d) = -3*d**2 - 11*d + 2. Let x(j) = -7*i(j) + 2*y(j). Give x(-7).
4
Let p(x) = 9*x**2 + 5*x - 8*x**2 - 7 + 0*x. What is p(-6)?
-1
Let l(s) = -5 + 3*s - 6*s + 3*s + s. What is l(6)?
1
Let a = -21 + 22. Let h(l) = -9*l**3 - 2*l + 1. Determine h(a).
-10
Let b(z) = z + 3. Suppose 5*n - 34 - 1 = 0. Let m(p) = 2*p**2 + 13*p. Let l be m(-7). Let c = n - l. Determine b(c).
3
Let i(c) = -c**3 - 1. Let x = -25 + 25. Determine i(x).
-1
Let o(m) = -m. Let s be o(6). Let r(u) be the second derivative of -u**5/20 - u**4/2 + u**3/6 + 114*u. Determine r(s).
-6
Let w(f) be the second derivative of f**4/12 + f**3 + 5*f**2/2 + 6*f. Determine w(-6).
5
Let i(z) = 3*z - 1516 + 1516. Calculate i(1).
3
Let r(w) = w**2 - 6*w + 3. Let u = 1 - -2. Let z be -20*(5/4 - 2). Suppose -u*m = -0*m - z. Determine r(m).
-2
Let k(n) = -n**3 + 3*n**2 + 3*n + 5. Let q(c) = -3*c + 3. Let j = 0 - 2. Let i(s) = 4*s - 4. Let m(u) = j*i(u) - 3*q(u). Let o be m(5). Calculate k(o).
1
Let y(x) = -x - 4. Let s be 0/1 - 2 - 2. Let v be y(s). Let l(f) = f**3 + f**2 - f + 8. What is l(v)?
8
Let v(w) be the first derivative of -w**5/60 + w**4/24 - w**3/3 - 1. Let f(j) be the third derivative of v(j). Let q = -5 + 10. Determine f(q).
-9
Let z(b) be the second derivative of -4*b**3/3 + 2*b**2 + 23*b. Give z(3).
-20
Let m(w) = -w**3 - w**2 + w. Let x be m(-2). Suppose -3*v = v - 8. Let i(k) = 3*k**2 - k - x + v - k**3. Calculate i(3).
-3
Let h(b) = 18*b - 12*b - 3 - 8*b. What is h(-6)?
9
Let o(y) = y - 9. Let t be o(11). Let p(v) = -9*v**2 + 6*v - 11. Let z(n) = 4*n**2 - 3*n + 5. Let f(c) = 2*p(c) + 5*z(c). Calculate f(t).
5
Let v(a) = -a**2 + 6*a - 5. Suppose -6*w = 6*w - 84. Give v(w).
-12
Let k(o) be the third derivative of o**5/60 + o**4/4 - 7*o**3/6 + 23*o**2. What is k(-5)?
-12
Let l(s) = -s**3 - 4*s**2 - s + 2. Suppose 4*m - 3*m + 4 = 0. Determine l(m).
6
Let c(y) = 36 + y - 2*y**2 - 70 + 38. Suppose 0*o = 3*o + 9. Determine c(o).
-17
Let i(c) be the first derivative of -c**6/120 + c**5/12 + c**4/4 - c**3/3 + c**2 - 1. Let x(f) be the second derivative of i(f). What is x(6)?
-2
Let v(b) = -2*b**3 - 4*b**2 - 7*b - 3. Let l(o) = 3*o**3 + 7*o**2 + 13*o + 5. Let j(w) = -3*l(w) - 5*v(w). Let z be 29/(-36)*-4 - 2/9. Calculate j(z).
6
Let a(q) be the third derivative of q**6/360 - q**5/60 + q**3/2 + q**2. Let n(f) be the first derivative of a(f). Determine n(-2).
8
Let v(f) = f**3 - 6*f**2 + 3*f - 3. Suppose 0 = 2*g - n - 12, -n + 32 = 3*g - 6*n. Give v(g).
-23
Suppose -4*l - 5*w = 6, -5 = -2*l + w - 1. Let b(f) = 13*f + 1. Let i(z) = -25*z - 2. Let r(y) = -5*b(y) - 3*i(y). Determine r(l).
11
Let a(m) = -m + 4. Suppose 4*r - 2*r + l + 1 = 0, -4*l = -3*r + 26. Suppose 2*c = 8, -29 = -3*v - r*v - c. Calculate a(v).
-1
Let l = -4 - -6. Let q(m) = 3*m**l + 2*m + 0*m + 5 - 5. Determine q(-2).
8
Let w(k) be the second derivative of -k**3/3 + k**2 - 5*k. Determine w(3).
-4
Suppose 22 = -4*z + 5*g, 0 = 5*z - 0*z + 2*g + 11. Let c(y) = 5*y + 12. Let p(k) = 4*k + 11. Let x(i) = z*c(i) + 4*p(i). Calculate x(-6).
2
Let w be (0 - 0 - -3) + 2. Let j be (-2)/(-10) + 4/w. Let r(n) = 16*n**2. Calculate r(j).
16
Let v be 0 - (-1)/2*4. Let r(z) = 13 + z**2 - 9 + 0*z**v - 5*z. Determine r(3).
-2
Let z = 9 + -6. Suppose 3*o = z*q + 21, -4*q + 0 = -5*o + 31. Let d(b) be the second derivative of -b**3/3 - 3*b**2/2 + 23*b. Calculate d(q).
5
Let x(n) = 1 + 0 - 3 - n - 2. Determine x(6).
-10
Let t(w) = w + 4. Let c be 1/((-21)/18 - -1). Let x be c/((-1 - 2) + 2). Let g(u) = -u**3 + 5*u**2 + 5*u + 3. Let l be g(x). Give t(l).
1
Suppose -m = 3*m + 48. Let d = m - -12. Let b(x) = x**2 + 3. Determine b(d).
3
Let x(v) = -v + 1. Let w(q) = 9*q - 12. Let o(i) = w(i) + 6*x(i). Suppose 0 = -241*u + 247*u - 24. Calculate o(u).
6
Suppose -3*y = -5*f + 4, 0 = 2*f - 5*f + y. Let a(c) be the third derivative of -c**4/24 + c**3/6 - c**2. Give a(f).
2
Suppose 0 = 2*g - 3*r - 1, 3 - 15 = -5*g - 2*r. Let v(h) be the first derivative of 6 - h - 1/2*h**2. What is v(g)?
-3
Let y = 0 - 0. Let x(n) = -10 - 4*n + 2 + 2*n. Let k(a) = -a - 4. Let w(c) = 5*k(c) - 3*x(c). What is w(y)?
4
Let b be (-2)/2*1 + 1. Suppose b*x + x - 3 = 0. Let h(s) = -3*s + 0*s**2 - 2*s**2 + 6*s + 4. Give h(x).
-5
Suppose 25*g - 17*g = 0. Let f(h) be the third derivative of h**4/24 - h**3/2 - 2*h**2. What is f(g)?
-3
Let g(z) = 4*z**3 -